{"id":16,"date":"2008-07-25T08:55:51","date_gmt":"2008-07-25T06:55:51","guid":{"rendered":"http:\/\/www.kathrinaehnlich.com\/kat\/?page_id=16"},"modified":"2019-09-19T16:06:38","modified_gmt":"2019-09-19T14:06:38","slug":"kontakt","status":"publish","type":"page","link":"http:\/\/www.kathrinaehnlich.com\/kat\/information\/kontakt\/","title":{"rendered":"Kontakt"},"content":{"rendered":"<p><span style=\"color: #ffffff;\">.<\/span><\/p>\n<p><a href=\"mailto:kathrinaehnlich@gmx.de\"><strong>&gt;&gt; Email an Kathrin Aehnlich<\/strong><\/a><\/p>\n<p><span style=\"color: #ffffff;\">.<\/span><\/p>\n<p style=\"font-weight: bold;\">Lesungsanfragen \u00fcber die <a href=\"mailto:kathrinaehnlich@gmx.de\">E-Mail<\/a> der Webseite<\/p>\n<p>oder die Verlagsadresse<\/p>\n<p>&nbsp;<\/p>\n<p style=\"display: inline !important;\"><strong>Verlag Antje Kunstmann, M\u00fcnchen<\/strong><\/p>\n<p>Zweigstr.19 RGB<\/p>\n<p>80336 M\u00fcnchen<\/p>\n<p>Presse- und \u00d6ffentlichkeitsarbeit<\/p>\n<p>Andreas Sch\u00e4fler<br \/>\na.schaefler[at]kunstmann.de<br \/>\n089 12 11 93 24<\/p>\n<p>Jule Lange<br \/>\nj.lange[at]kunstmann.de<\/p>\n<p>Alexandra von Michel<br \/>\na.michel[at]kunstmann.de<\/p>\n<p>089 12 11 93 29<\/p>\n<p>&nbsp;<\/p>\n<p><strong>atVERLAG<\/strong><\/p>\n<p>Neumattstrasse 1<\/p>\n<p>CH-5000 Aarau<\/p>\n<p>&nbsp;<\/p>\n<p>Presse- und \u00d6ffentlichkeitsarbeit<\/p>\n<p>Brigitte Bosshard Bordoni<\/p>\n<p>brigitta.bosshard[at]azmedien.ch<\/p>\n<p>+41 (0)58 200 44 03<\/p>\n<p>&nbsp;<\/p>\n<p>Presse-\u00d6ffentlichkeitsarbeit<\/p>\n<p>Veranstaltungen<\/p>\n<p>Gina Ahrend<\/p>\n<p>Hochfeld 11<\/p>\n<p>P\u00f6cking am Starnberger See<\/p>\n<p>gina.ahrend[at]ahrend-medienbuero.de<\/p>\n<p>+49 (0) 8157\/3293<\/p>\n<p>&nbsp;<\/p>\n<p>&nbsp;<\/p>\n<p>&nbsp;<\/p>\n<p><span style=\"color: #ffffff;\">.<\/span><\/p>\n<p><span style=\"color: #ffffff;\">.<\/span><\/p>\n<h6>Impressum<\/h6>\n<h6>Design\/Realisation der Website: Gerhard Mantz: www.gerhard-mantz.de<\/h6>\n<h6>Verantwortlich f\u00fcr Inhalt und Gestaltung gem\u00e4\u00df \u00a7 10 Absatz 3 MDStV: Kathrin Aehnlich<\/h6>\n<h6>\u00a9 Copyright: Kathrin Aehnlich<\/h6>\n<h6>Alle Texte und Bilder, Grafiken, Ton- und Videodateien unterliegen dem Urheberrecht. Die Ver\u00f6ffentlichung in anderen elektronischen oder gedruckten Publikationen ist ohne ausdr\u00fcckliche Zustimmung von Kathrin Aehnlich nicht gestattet.<\/h6>\n<h6>Haftungshinweis: Trotz sorgf\u00e4ltiger inhaltlicher Kontrolle \u00fcbernehme ich keine Haftung f\u00fcr die Inhalte externer Links. F\u00fcr den Inhalt der verlinkten Seiten sind ausschlie\u00dflich deren Betreiber verantwortlich.<\/h6>\n","protected":false},"excerpt":{"rendered":"<p>. &gt;&gt; Email an Kathrin Aehnlich . Lesungsanfragen \u00fcber die E-Mail der Webseite oder die Verlagsadresse &nbsp; Verlag Antje Kunstmann, M\u00fcnchen Zweigstr.19 RGB 80336 M\u00fcnchen Presse- und \u00d6ffentlichkeitsarbeit Andreas Sch\u00e4fler a.schaefler[at]kunstmann.de 089 12 11 93 24 Jule Lange j.lange[at]kunstmann.de Alexandra von Michel a.michel[at]kunstmann.de 089 12 11 93 29 &nbsp; atVERLAG Neumattstrasse 1 CH-5000 Aarau &nbsp; [&hellip;]<\/p>\n","protected":false},"author":1,"featured_media":0,"parent":3,"menu_order":40,"comment_status":"open","ping_status":"open","template":"information.php","meta":{"ngg_post_thumbnail":0,"footnotes":""},"class_list":["post-16","page","type-page","status-publish","hentry"],"_links":{"self":[{"href":"http:\/\/www.kathrinaehnlich.com\/kat\/wp-json\/wp\/v2\/pages\/16"}],"collection":[{"href":"http:\/\/www.kathrinaehnlich.com\/kat\/wp-json\/wp\/v2\/pages"}],"about":[{"href":"http:\/\/www.kathrinaehnlich.com\/kat\/wp-json\/wp\/v2\/types\/page"}],"author":[{"embeddable":true,"href":"http:\/\/www.kathrinaehnlich.com\/kat\/wp-json\/wp\/v2\/users\/1"}],"replies":[{"embeddable":true,"href":"http:\/\/www.kathrinaehnlich.com\/kat\/wp-json\/wp\/v2\/comments?post=16"}],"version-history":[{"count":9,"href":"http:\/\/www.kathrinaehnlich.com\/kat\/wp-json\/wp\/v2\/pages\/16\/revisions"}],"predecessor-version":[{"id":244,"href":"http:\/\/www.kathrinaehnlich.com\/kat\/wp-json\/wp\/v2\/pages\/16\/revisions\/244"}],"up":[{"embeddable":true,"href":"http:\/\/www.kathrinaehnlich.com\/kat\/wp-json\/wp\/v2\/pages\/3"}],"wp:attachment":[{"href":"http:\/\/www.kathrinaehnlich.com\/kat\/wp-json\/wp\/v2\/media?parent=16"}],"curies":[{"name":"wp","href":"https:\/\/api.w.org\/{rel}","templated":true}]}}